t of 11414670?
6
What is the hundreds digit of 71990133?
1
What is the ten millions digit of 445079263?
4
What is the hundreds digit of 196971128?
1
What is the hundred thousands digit of 37819622?
8
What is the tens digit of 1253690049?
4
What is the hundred thousands digit of 761236037?
2
What is the units digit of 34346109?
9
What is the tens digit of 245431151?
5
What is the tens digit of 29935122?
2
What is the ten thousands digit of 7820531?
2
What is the thousands digit of 39059632?
9
What is the units digit of 114902830?
0
What is the hundreds digit of 2714892005?
0
What is the millions digit of 346653427?
6
What is the units digit of 60889454?
4
What is the tens digit of 1187483072?
7
What is the ten thousands digit of 40840684?
4
What is the hundreds digit of 526125281?
2
What is the tens digit of 79815872?
7
What is the millions digit of 31156602?
1
What is the hundred thousands digit of 1750384907?
3
What is the hundred millions digit of 2875211535?
8
What is the thousands digit of 22896453?
6
What is the ten thousands digit of 765482322?
8
What is the tens digit of 2810478439?
3
What is the hundreds digit of 750617959?
9
What is the thousands digit of 2126184273?
4
What is the millions digit of 11728276?
1
What is the hundreds digit of 21892891?
8
What is the millions digit of 654482489?
4
What is the thousands digit of 801674280?
4
What is the hundreds digit of 134739538?
5
What is the hundred thousands digit of 1311641055?
6
What is the ten millions digit of 99758192?
9
What is the hundreds digit of 296201847?
8
What is the units digit of 38329935?
5
What is the thousands digit of 23254776?
4
What is the hundreds digit of 185320365?
3
What is the millions digit of 38304795?
8
What is the millions digit of 621535847?
1
What is the millions digit of 298199891?
8
What is the millions digit of 76855713?
6
What is the tens digit of 104708?
0
What is the thousands digit of 187639883?
9
What is the units digit of 141333529?
9
What is the hundred thousands digit of 15328800?
3
What is the ten thousands digit of 12459658?
5
What is the ten thousands digit of 61574760?
7
What is the thousands digit of 136357956?
7
What is the hundreds digit of 96285705?
7
What is the ten millions digit of 52163264?
5
What is the thousands digit of 57270127?
0
What is the hundreds digit of 741308809?
8
What is the tens digit of 711794477?
7
What is the hundred thousands digit of 3131256568?
2
What is the tens digit of 105227343?
4
What is the units digit of 350375017?
7
What is the millions digit of 2242885027?
2
What is the hundreds digit of 953238872?
8
What is the tens digit of 98156649?
4
What is the ten millions digit of 567338984?
6
What is the hundreds digit of 106674659?
6
What is the millions digit of 37006688?
7
What is the units digit of 567683672?
2
What is the millions digit of 9320592?
9
What is the units digit of 8776746560?
0
What is the ten millions digit of 199238050?
9
What is the ten thousands digit of 17586447?
8
What is the billions digit of 4823747232?
4
What is the hundreds digit of 109605543?
5
What is the hundred thousands digit of 113615356?
6
What is the thousands digit of 304544805?
4
What is the units digit of 61742029?
9
What is the ten thousands digit of 36403853?
0
What is the hundreds digit of 76400080?
0
What is the ten millions digit of 977098867?
7
What is the tens digit of 104624218?
1
What is the billions digit of 4133164810?
4
What is the millions digit of 344267994?
4
What is the hundred millions digit of 1036768685?
0
What is the billions digit of 1564024646?
1
What is the ten millions digit of 809965790?
0
What is the millions digit of 355512224?
5
What is the units digit of 130559509?
9
What is the ten millions digit of 1055206434?
5
What is the ten millions digit of 279726825?
7
What is the hundreds digit of 64537461?
4
What is the hundred millions digit of 277137775?
2
What is the tens digit of 4264480?
8
What is the millions digit of 282114523?
2
What is the billions digit of 1556301250?
1
What is the tens digit of 122127160?
6
What is the hundreds digit of 214322310?
3
What is the tens digit of 36537977?
7
What is the thousands digit of 86501084?
1
What is the tens digit of 113517329?
2
What is the units digit of 145082002?
2
What is the ten thousands digit of 151369154?
6
What is the units digit of 93504402?
2
What is the hundred thousands digit of 148911759?
9
What is the ten millions digit of 299581898?
9
What is the millions digit of 111655493?
1
What is the hundreds digit of 980373114?
1
What is the hundred thousands digit of 24794849?
7
What is the ten thousands digit of 258486161?
8
What is the hundreds digit of 57695876?
8
What is the hundreds digit of 25894353?
3
What is the ten millions digit of 29453992?
2
What is the hundreds digit of 426225020?
0
What is the billions digit of 2594802874?
2
What is the ten thousands digit of 621702124?
0
What is the units digit of 114263557?
7
What is the hundred millions digit of 143023693?
1
What is the ten thousands digit of 2124625529?
2
What is the ten thousands digit of 139780629?
8
What is the hundreds digit of 1598070843?
8
What is the ten thousands digit of 1572406351?
0
What is the ten thousands digit of 32189815?
8
What is the tens digit of 829103822?
2
What is the units digit of 45187619?
9
What is the hundred thousands digit of 796906934?
9
What is the units digit of 25902020?
0
What is the hundred millions digit of 1374242473?
3
What is the hundred thousands digit of 34442053?
4
What is the hundred thousands digit of 493289079?
2
What is the ten thousands digit of 205337639?
3
What is the ten millions digit of 1154479229?
5
What is the hundreds digit of 39632585?
5
What is the hundred thousands digit of 121113771?
1
What is the tens digit of 1865588279?
7
What is the ten thousands digit of 31096441?
9
What is the units digit of 1191218840?
0
What is the hundred millions digit of 2205376858?
2
What is the hundred thousands digit of 21121330?
1
What is the ten millions digit of 1016311182?
1
What is the tens digit of 247515325?
2
What is the hundreds digit of 6020508?
5
What is the thousands digit of 53169455?
9
What is the hundred millions digit of 1712893016?
7
What is the tens digit of 389406388?
8
What is the units digit of 1266932839?
9
What is the units digit of 39119256?
6
What is the ten millions digit of 7495057370?
9
What is the thousands digit of 974050735?
0
What is the ten thousands digit of 2699056140?
5
What is the units digit of 192134785?
5
What is the ten millions digit of 13888596?
1
What is the ten millions digit of 852022101?
5
What is the hundreds digit of 294822038?
0
What is the hundred thousands digit of 35611073?
6
What is the tens digit of 38125255?
5
What is the billions digit of 3431099993?
3
What is the thousands digit of 44696285?
6
What is the hundred thousands digit of 72022413?
0
What is the ten millions digit of 1610465915?
1
What is the hundred thousands digit of 44318766?
3
What is the ten millions digit of 31495408?
3
What is the hundred thousands digit of 20279971?
2
What is the millions digit of 2812439790?
2
What is the millions digit of 39927930?
9
What is the hundred thousands digit of 41717527?
7
What is the ten thousands digit of 1717240490?
4
What is the billions digit of 1469595239?
1
What is the hundred millions digit of 129823824?
1
What is the units digit of 47136694?
4
What is the thousands digit of 138272501?
2
What is the hundred thousands digit of 5935701?
9
What is the units digit of 10149403?
3
What is the hundred thousands digit of 62373672?
3
What is the hundred millions digit of 1603313993?
6
What is the ten thousands digit of 164253042?
5
What is the hundred thousands digit of 38320825?
3
What is the millions digit of 32319513?
2
What is the tens digit of 1686265805?
0
What is the hundred thousands digit of 56713969?
7
What is the ten thousands digit of 146168589?
6
What is the ten millions digit of 2897466209?
9
What is the hundred millions digit of 237104380?
2
What is the hundred millions digit of 221052722?
2
What is the hundred millions digit of 1488155793?
4
What is the hundreds digit of 687532058?
0
What is the hundred thousands digit of 108765128?
7
What is the thousands digit of 